{"id":90,"date":"2019-08-29T19:26:07","date_gmt":"2019-08-29T17:26:07","guid":{"rendered":"http:\/\/przedszkola-lwowekslaski.pl\/nowa\/?page_id=90"},"modified":"2019-08-29T19:26:08","modified_gmt":"2019-08-29T17:26:08","slug":"o-powinnosciach-doroslych-wobec-dzieci","status":"publish","type":"page","link":"http:\/\/przedszkola-lwowekslaski.pl\/nowa\/o-powinnosciach-doroslych-wobec-dzieci\/","title":{"rendered":"O POWINNO\u015aCIACH DOROS\u0141YCH WOBEC DZIECI"},"content":{"rendered":"\n<p><em>POPATRZCIE NA \u015aWIAT NASZYMI OCZAMI,\u00a0<br>A WTEDY ZROZUMIECIE NASZE POTRZEBY, ODCZUCIA.<\/em><\/p>\n\n\n\n<p>KOCHANA MAMO I TATO!<br>Nasta\u0142y niespokojne i trudne dla wszystkich czasy. Sta\u00adnowczo za d\u0142ugo przebywacie poza domem, p\u00f3\u017ano wracacie z pracy, a wieczorami zamiast z nami porozmawia\u0107, pochy\u00adlacie si\u0119 nad nowym zadaniem do wykonania, dodatkowym zaj\u0119ciem. Cz\u0119sto pracujecie na dw\u00f3ch etatach tylko dlatego, \u017ceby\u015bmy mieli lepiej ni\u017c r\u00f3wie\u015bnicy i wi\u0119cej od nich. Trosz\u00adczycie si\u0119 te\u017c o to, aby\u015bmy chodzili do dobrych przedszkoli i szk\u00f3\u0142, byli ubrani w markow\u0105 odzie\u017c i ogl\u0105dali nieznany \u015bwiat z okien luksusowych samochod\u00f3w. Widzimy, jak ci\u0119\u017cko pracujecie i doceniamy to. Szkoda tylko, \u017ce nie zapytacie nas: Czego od Was oczekujemy? W tym li\u015bcie skierowanym do Was, Kochani Rodzice, napiszemy to wszystko, o co prosimy.<\/p>\n\n\n\n<p>1. KOCHAJCIE NAS, BO MI\u0141O\u015a\u0106 JEST T\u0104 POTRZE\u00adB\u0104, KT\u00d3REJ CZ\u0118STO NIE ODCZUWAMY.&nbsp;Nie chcemy nowych pi\u0119knych zabawek ani nowych modnych ubra\u0144, chcemy tylko, \u017ceby\u015bcie ka\u017cdego dnia jak najd\u0142u\u017cej byli z nami. Okazujcie nam uczucie mi\u0142o\u015bci, bior\u0105c nas na kolana, przytulaj\u0105c do siebie, ca\u0142uj\u0105c i m\u00f3wi\u0105c: kocham ci\u0119. Obiecujemy, \u017ce b\u0119dziemy starali si\u0119 Wam udowodni\u0107, \u017ce w pe\u0142ni zas\u0142ugujemy na Wasze uczucie, a ono pomo\u017ce nam w budowaniu poczucia w\u0142asnej warto\u015bci i pewno\u015bci siebie<br><br>2. CHWALCIE NAS ZA DOBRE ZACHOWANIE, bo po\u00adchwa\u0142a zach\u0119ca do takiego post\u0119powania, kt\u00f3re si\u0119 Wam podoba i sprawia zadowolenie. Ignorujcie te niew\u0142a\u015bciwe, bo nie jest prawd\u0105 to, co niekt\u00f3rzy doro\u015bli m\u00f3wi\u0105: Mam same k\u0142opoty przez ciebie&#8230; Przynosisz mi tylko wstyd&#8230; Staramy si\u0119 by\u0107 grzeczni, ale czasami nam si\u0119 nie udaje, cz\u0119sto nie z naszej winy. Chwalcie nas za to, co dobrze zrobimy, gdy\u017c mobilizuje nas to do podejmowania wysi\u0142ku. Jak czego\u015b nie zrobimy lub zrobimy \u017ale, nie zrz\u0119d\u017acie, bo przestaniemy Was s\u0142ucha\u0107.<br><br>3. S\u0141UCHAJCIE UWA\u017bNIE TEGO, CO DO WAS M\u00d3WIMY. Cz\u0119sto s\u0142yszymy, jak po powrocie z pracy opowia\u00addacie o swoich prze\u017cyciach, k\u0142opotach i rado\u015bciach. My te\u017c mamy swoje rado\u015bci, problemy i k\u0142opoty . Dlatego prosimy, rozmawiajcie z nami na r\u00f3\u017cne tematy, interesujcie si\u0119 tym, co robimy i co czujemy. Powiedzcie, co zrobili\u015bmy dobrze, a co \u017ale i dlaczego tak uwa\u017cacie. Zapominamy czasami, \u017ce uczucia nale\u017cy wyra\u017ca\u0107 w odpowiedni spos\u00f3b, ale przecie\u017c ich okazywanie nie jest niczym z\u0142ym. Dlatego pom\u00f3\u017ccie nam w rozwi\u0105zywaniu naszych dzieci\u0119cych problem\u00f3w, wyt\u0142umaczcie, czego nie nale\u017cy robi\u0107. Obiecujemy, \u017ce b\u0119\u00addziemy zachowywali si\u0119 w odpowiedni spos\u00f3b i nie trzeba nas b\u0119dzie ani strofowa\u0107, ani specjalnie dyscyplinowa\u0107.<br><br>4. SZANUJCIE NAS.&nbsp;Codziennie jeste\u015bmy \u015bwiadkami, jak potraficie uwa\u017cnie s\u0142ucha\u0107 doros\u0142ych, jak pytacie ich o zda\u00adnie, jak wstrzymujecie si\u0119 przed powiedzeniem czego\u015b przykrego. Dlaczego tak si\u0119 nie zachowujecie wobec nas? Czy dlatego, \u017ce jeste\u015bmy mali i niewiele rozumiemy. To nie prawda. Pozw\u00f3lcie nam uczestniczy\u0107 w podejmowaniu decyzji &#8211; szczeg\u00f3lnie tych, kt\u00f3re nas dotycz\u0105. Pos\u0142uchajcie naszego zdania i je\u017celi si\u0119 z nim nie zgadzacie, wyja\u015bnijcie, dlaczego nie mamy racji. Nie krzyczcie na nas, m\u00f3wcie do nas spokojnym, opanowanym g\u0142osem, w\u00f3wczas my te\u017c tak b\u0119dziemy m\u00f3wili. Przecie\u017c to od Was uczymy si\u0119 zacho\u00adwa\u0144 i tych dobrych, i tych z\u0142ych. Je\u017celi chcecie nam co\u015b przykrego powiedzie\u0107, to m\u00f3wcie &#8211; s\u0142uchamy. Zastan\u00f3wcie si\u0119 nad tym, jak nam to powiedzie\u0107, \u017ceby\u015bmy zrozumieli. Gdy wobec nas zachowacie si\u0119 \u017ale, przepro\u015bcie, tak jak my przepraszamy, przecie\u017c wszystkiego uczymy si\u0119 od Was.<br><br>5. ZADBAJCIE O NASZE BEZPIECZE\u0143STWO.&nbsp;Pilnujcie nas i nie spuszczajcie z oka. Zwykle przez niedopatrze\u00adnie, zapomnienie, nieuwag\u0119 mo\u017ce zdarzy\u0107 si\u0119 wypadek, a przecie\u017c sytuacji zagra\u017caj\u0105cych nie spos\u00f3b unikn\u0105\u0107. Wtedy wszyscy cierpimy i Wy, i my. Dlatego dla nasze\u00adgo bezpiecze\u0144stwa ustalcie granice i powiedzcie: co nam wolno, a czego nie wolno. Pami\u0119tajcie, \u017ce musz\u0105 by\u0107 one realistyczne i na miar\u0119 naszych mo\u017cliwo\u015bci. Nie b\u0119dziemy z tego powodu najszcz\u0119\u015bliwsi, na pewno b\u0119dziemy na\u00adrzekali, testowali, ale z up\u0142ywem czasu dostosujemy si\u0119 i zrozumiemy, \u017ce to dla naszego dobra.<br><br>6. USTALCIE PORZ\u0104DEK DNIA.&nbsp;Podobnie jak doro\u015bli nie lubimy braku stabilizacji, niepewno\u015bci, zmiany decyzji, a nawet ba\u0142aganu, mimo \u017ce go cz\u0119sto sami siejemy. Dlate\u00adgo b\u0119dziemy si\u0119 czuli bezpieczniej i mniej b\u0119dzie mi\u0119dzy nami konflikt\u00f3w, gdy ustalicie sta\u0142y porz\u0105dek dnia. Chc\u0119 wiedzie\u0107, o kt\u00f3rej godzinie odbierzesz mnie z przedszkola, o kt\u00f3rej musz\u0119 zacz\u0105\u0107 sprz\u0105ta\u0107 zabawki, bo zbli\u017ca si\u0119 pora kolacji, o kt\u00f3rej godzinie mog\u0119 usi\u0105\u015b\u0107 przed telewizo\u00adrem i o kt\u00f3rej mam i\u015b\u0107 spa\u0107. Nie b\u0119dziemy si\u0119 buntowali, chocia\u017c na pocz\u0105tku, zanim si\u0119 do tego porz\u0105dku dnia przyzwyczaimy, nie b\u0119dzie \u0142atwo. Wybaczcie, \u017ce czasami b\u0119dziemy si\u0119 oci\u0105gali, ale przyzwyczaimy si\u0119, b\u0119dzie nam \u0142atwiej by\u0107 ze sob\u0105.<\/p>\n\n\n\n<p>7. U\u015aMIECHAJCIE SI\u0118 DO NAS. Lubimy patrze\u0107, jak wchodzicie do domu rado\u015bni, weseli, pogodni i u\u015bmiech\u00adni\u0119ci. Jeste\u015bmy pe\u0142ni niepokoju, gdy widzimy smutek i za\u00adtroskanie na Waszej twarzy. Martwimy si\u0119 razem z Wami i nie wiemy, co mamy zrobi\u0107, aby pom\u00f3c . Czasami na\u00adwet zadajemy sobie pytanie: Co zrobili\u015bmy z\u0142ego? Czy to przez nas? Kiedy\u015b s\u0142yszeli\u015bmy, jak doro\u015bli m\u00f3wili: \u015amiech to zdrowie&#8230; Czy jeste\u015bcie chorzy? Dlatego u\u015bmiechajcie si\u0119 do nas, kiedy tylko jest to mo\u017cliwe, a my b\u0119dziemy si\u0119 odwzajemnia\u0107.<\/p>\n\n\n\n<p>8. WPROWAD\u0179CIE ZASADY.&nbsp;One s\u0105 nam wszystkim bardzo potrzebne, ale kiedy ju\u017c je ustalicie, b\u0105d\u017acie kon\u00adsekwentni. Tracimy poczucie pewno\u015bci, gdy jednego dnia wprowadzacie zasad\u0119, a nast\u0119pnego j\u0105 odwo\u0142ujecie. Po\u00adwiedzcie nam, jakie zasady obowi\u0105zuj\u0105 w domu (napiszcie je na kartce), a jakie poza domem. Sk\u0105d to mamy wie\u00addzie\u0107. Dlatego czasami uwa\u017cacie, \u017ce zachowujemy si\u0119 \u017ale, a my tylko pr\u00f3bujemy, testujemy, badamy, co nam wolno, a czego nie wolno.<\/p>\n\n\n\n<p>KOCHANI RODZICE!<br>Popatrzcie na \u015bwiat naszymi oczami, a wtedy zrozumiecie nasze potrzeby, odczucia. Nie chcemy, aby\u015bcie swoje \u017cycie, sw\u00f3j czas podporz\u0105dkowali tylko nam. Nie zapominajcie o w\u0142asnych potrzebach, a wi\u0119c zr\u00f3bcie co\u015b, co sprawi Wam rado\u015b\u0107 lub przyjemno\u015b\u0107. Rodzice spokojni i cierpliwi s\u0105 dla nas w\u0142a\u015bciwymi wzorcami zachowa\u0144. Rozumiemy, \u017ce czasami tracicie panowanie nad sob\u0105, ale nie krzyczcie na nas, nie poni\u017cajcie nas, nie podno\u015bcie na nas r\u0119ki i nie karzcie po\u00adchopnie. W sytuacjach trudnych odejd\u017acie od nas, uspok\u00f3jcie si\u0119, policzcie do dziesi\u0119ciu, a potem powiedzcie, co Wam si\u0119 nie podoba\u0142o, co zrobili\u015bmy z\u0142ego i podsu\u0144cie pomys\u0142, jak to mo\u017cemy naprawi\u0107.<\/p>\n\n\n\n<p style=\"text-align:right\">\u201eDoradca Dyrektora Przedszkola\u201d, Maj 22\/2011&nbsp;<br>autor: mgr Ewa Zieli\u0144ska&nbsp;<br>(doradca metodyczny wychowania przedszkolnego)<\/p>\n","protected":false},"excerpt":{"rendered":"<p>POPATRZCIE NA \u015aWIAT NASZYMI OCZAMI,\u00a0A WTEDY ZROZUMIECIE NASZE &hellip;<\/p>\n","protected":false},"author":1,"featured_media":0,"parent":0,"menu_order":0,"comment_status":"closed","ping_status":"closed","template":"","meta":{"footnotes":""},"class_list":["post-90","page","type-page","status-publish","hentry"],"_links":{"self":[{"href":"http:\/\/przedszkola-lwowekslaski.pl\/nowa\/wp-json\/wp\/v2\/pages\/90","targetHints":{"allow":["GET"]}}],"collection":[{"href":"http:\/\/przedszkola-lwowekslaski.pl\/nowa\/wp-json\/wp\/v2\/pages"}],"about":[{"href":"http:\/\/przedszkola-lwowekslaski.pl\/nowa\/wp-json\/wp\/v2\/types\/page"}],"author":[{"embeddable":true,"href":"http:\/\/przedszkola-lwowekslaski.pl\/nowa\/wp-json\/wp\/v2\/users\/1"}],"replies":[{"embeddable":true,"href":"http:\/\/przedszkola-lwowekslaski.pl\/nowa\/wp-json\/wp\/v2\/comments?post=90"}],"version-history":[{"count":1,"href":"http:\/\/przedszkola-lwowekslaski.pl\/nowa\/wp-json\/wp\/v2\/pages\/90\/revisions"}],"predecessor-version":[{"id":91,"href":"http:\/\/przedszkola-lwowekslaski.pl\/nowa\/wp-json\/wp\/v2\/pages\/90\/revisions\/91"}],"wp:attachment":[{"href":"http:\/\/przedszkola-lwowekslaski.pl\/nowa\/wp-json\/wp\/v2\/media?parent=90"}],"curies":[{"name":"wp","href":"https:\/\/api.w.org\/{rel}","templated":true}]}}