{"id":15569,"date":"2026-04-08T16:59:46","date_gmt":"2026-04-08T14:59:46","guid":{"rendered":"http:\/\/przedszkola-lwowekslaski.pl\/nowa\/?page_id=15569"},"modified":"2026-04-08T17:00:21","modified_gmt":"2026-04-08T15:00:21","slug":"swiatowy-dzien-wody","status":"publish","type":"page","link":"http:\/\/przedszkola-lwowekslaski.pl\/nowa\/swiatowy-dzien-wody\/","title":{"rendered":"\u015aWIATOWY DZIE\u0143 WODY"},"content":{"rendered":"\n<p>\u015aWIATOWY DZIE\u0143 WODY Z Generalna Dyrekcja Dr\u00f3g Krajowych i Autostrad [GDDKiA] oraz Jeste\u015b wod\u0105\ud83d\udca7<br>23 marca br. obchodzili\u015bmy \u015awiatowy Dzie\u0144 Wody i z tej okazji dzieci wyruszy\u0142y w podr\u00f3\u017c do \u015bwiata wody, odkrywaj\u0105c jej ukryte moce i znaczenie dla \u017cycia na Ziemi. Podczas zaj\u0119\u0107 zobaczy\u0142y, jak drogowcy troszcz\u0105 si\u0119 o czysto\u015b\u0107 w\u00f3d opadowych i chroni\u0105 ich zasoby. Du\u017c\u0105 frajd\u0119 przedszkolankom sprawi\u0142y eksperymenty oraz zabawa z w\u0119druj\u0105c\u0105 kropl\u0105.<br>Chcesz pozna\u0107 szczeg\u00f3\u0142y spotkania? Zajrzyj na stron\u0119 MINISTERSTWA \ud83e\udd29<\/p>\n\n\n\n<p>https:\/\/www.gov.pl\/web\/gddkia-wroclaw\/swiatowy-dzien-wody-2026&#8212;aktywne-dzialania-drogowcow<br>Gmina i Miasto Lw\u00f3wek \u015al\u0105ski<\/p>\n\n\n\n<p><\/p>\n","protected":false},"excerpt":{"rendered":"<p>\u015aWIATOWY DZIE\u0143 WODY Z Generalna Dyrekcja Dr\u00f3g Krajowych &hellip;<\/p>\n","protected":false},"author":1,"featured_media":0,"parent":0,"menu_order":0,"comment_status":"closed","ping_status":"closed","template":"","meta":{"footnotes":""},"class_list":["post-15569","page","type-page","status-publish","hentry"],"_links":{"self":[{"href":"http:\/\/przedszkola-lwowekslaski.pl\/nowa\/wp-json\/wp\/v2\/pages\/15569","targetHints":{"allow":["GET"]}}],"collection":[{"href":"http:\/\/przedszkola-lwowekslaski.pl\/nowa\/wp-json\/wp\/v2\/pages"}],"about":[{"href":"http:\/\/przedszkola-lwowekslaski.pl\/nowa\/wp-json\/wp\/v2\/types\/page"}],"author":[{"embeddable":true,"href":"http:\/\/przedszkola-lwowekslaski.pl\/nowa\/wp-json\/wp\/v2\/users\/1"}],"replies":[{"embeddable":true,"href":"http:\/\/przedszkola-lwowekslaski.pl\/nowa\/wp-json\/wp\/v2\/comments?post=15569"}],"version-history":[{"count":2,"href":"http:\/\/przedszkola-lwowekslaski.pl\/nowa\/wp-json\/wp\/v2\/pages\/15569\/revisions"}],"predecessor-version":[{"id":15572,"href":"http:\/\/przedszkola-lwowekslaski.pl\/nowa\/wp-json\/wp\/v2\/pages\/15569\/revisions\/15572"}],"wp:attachment":[{"href":"http:\/\/przedszkola-lwowekslaski.pl\/nowa\/wp-json\/wp\/v2\/media?parent=15569"}],"curies":[{"name":"wp","href":"https:\/\/api.w.org\/{rel}","templated":true}]}}